?
39
What is the value of 9 + -7 + (-13 - (0 + 10 - 9))?
-12
(58 - 29) + -11 - (-1 - -89) - 16
-86
Evaluate 16 + -34 + 53 - (81 + 1).
-47
24 - 6 - (2 + (-7 - -1))
22
-9 + 2 - -14 - (-7 + -52 + -17)
83
What is the value of -62 - -1 - (-2258 + 2235) - -59?
21
What is the value of (1 + -5 - -18) + 130 + -131 + 47 + -1?
59
What is (10 + -1 - 7) + 12 + -29 + 11 - 90?
-94
Evaluate -18 + (40 - -11 - 21).
12
What is the value of (610 - 617) + 24 + 5?
22
What is the value of -38 - (-11 - (8 - 19))?
-38
Evaluate (-13 - -10 - (6 - 3)) + -75 + 6 + -17.
-92
What is the value of (-78 - 3) + 35 + -20 + -9 + 4 + 9?
-62
Calculate (-5 - -3 - -2) + (13 - (0 - -20) - -47).
40
Evaluate 6 + -53 + (-2 + 5 - (-32 - -9 - -16)).
-37
Evaluate -72 + 113 + -56 + -4.
-19
Evaluate (-9 - 72) + 1 + (3 + -19 - -41).
-55
Calculate (17 - 22) + -55 + -3 + -7 - (7 + -18).
-59
What is the value of -35 + 38 + (-91 - -98)?
10
What is the value of 99 + -24 + -4 + 20 + -14 - (0 + -2)?
79
What is the value of -14 - (9 + 8 + (-23 - -7) + 10 + 97)?
-122
Evaluate -83 + 1 - (7676 + -7734).
-24
(31 - (14 - (-6 + 19))) + -125
-95
What is the value of -85 + 6 + (1 - -14) + (218 - 224)?
-70
What is the value of -2 + (4 - -5) + (96 - (11 + -22 + 4))?
110
Calculate 18 - (3 + 49 - (-494 + 500)).
-28
Evaluate 110 + -28 - (-32 - -106).
8
Calculate 3 + (-7 + 27 - 67) + (-7 - (-4 + 1)).
-48
(-75 - -47 - -41) + -31
-18
What is the value of -42 - (-36 + (30 - 60))?
24
(29 - (27 + -8 + -2)) + -4 + -93
-85
What is 0 - 29 - -18 - (-17 - -3)?
3
(7466 - 7464) + (-19 - -1 - 0)
-16
-36 + 44 + -32 - (5 + 0 + 4 + -6)
-27
What is -38 + (63 - 31) + 20 + -29?
-15
Evaluate -34 - (-50 + (53 - 39)).
2
(-134 + 220 - 12) + -88
-14
(4 - 4 - 1) + -1 - 10 - (1433 + -1499)
54
Calculate -7 - ((301 + -285 - (-1 - -6)) + -19).
1
Evaluate -14 + -1 + -162 + 137 + 35 + -10.
-15
Calculate 0 - -27 - (-35 + -57 + 144).
-25
What is 6 + 0 - (1 - 8) - (-66 - -64)?
15
What is the value of (-3 - 17) + (65 + -38 + -97 - 1)?
-91
0 + 16 - (13 + -4 + -5) - (189 - 249)
72
(0 - 8) + (-8 - -1) + 30 + -19
-4
What is the value of (-13 - 7) + 190 + -183?
-13
Calculate (-27 + 5 + 28 - 38) + 8 + -1.
-25
-14 + (3 - -6) - ((-21 - -12) + 51)
-47
What is (17 + 10 - -9) + -34?
2
Calculate 1 + -6 + 46 + -43 - (-63 - -64).
-3
What is (3 + -1 - -63) + -9 + 2 + -11 + 11?
58
What is (-1 - (17 - 1)) + -1788 + 1819?
14
What is -33 - ((2 - -13) + 7 + -10 + -328 + 313)?
-30
What is -124 + 75 + -32 + (24 - 17)?
-74
-82 - ((4 - (-14 + (1 - 3))) + -7)
-95
Calculate 4 + 9 - (1 + 24 - -15).
-27
What is the value of 50 + (31 - 52) - (-1 - 15)?
45
Evaluate 0 - 29 - (610 - 603).
-36
Evaluate -15 + -33 + (10 - 14) + 44.
-8
What is the value of -8 + 3 + -1540 + 1444?
-101
(39 - 1) + -60 + 51 + 14 + 2
45
What is -1 - (-1 - -5) - (-152 - -331 - 175)?
-9
Evaluate 66 + 6 + -31 + 10 + 0.
51
52 - ((2 - -74) + -78)
54
What is -36 - (-18 + ((9 - 3) + -12 - -4))?
-16
What is -74 - (-6 - (-52 - -206))?
86
Evaluate 9 + -5 + -19 - (-4 + 32).
-43
42 - (0 - -6) - (-24 + 52 - 22)
30
Evaluate 17 + (-7 - -81) + -4 + -4 - 13.
70
Evaluate 144 + -13 + -1 + -1061 + 1042.
111
Calculate 3 + (-12 - 7) + -12 + -4 - -6.
-26
Calculate (0 - (3 + 25)) + (-8 - (-33 - -10)) + -10.
-23
What is the value of -22 + (-46 - -84 - -9)?
25
Calculate -232 + 224 - (5 - 50).
37
-2 - 52 - (1897 - 1957)
6
(0 - ((-1 - 0) + -2) - (4042 + -4070)) + 4
35
Evaluate -5 + 25 - (7 + 67 + (22 - 30)).
-46
(-130 - -137) + (-8 - (-4 + 9))
-6
-47 + (131 - 105 - (1 + 13))
-35
Calculate -7 - (-1 - -3 - (17 - (-3 - -22))) - -17.
6
What is the value of 2 + -12 + (10 - (13 - 11)) + (1 - 1)?
-2
Calculate 9 - (0 - (-35 - (1 - (5 + 1 - -5)))).
-16
What is -7 + 11 + 4 - (-20 - (-4 - 15)) - -81?
90
(-15 + 0 - (-275 - -249)) + 1 + 17
29
Evaluate (6 - -1) + 11 + (-17 - -4 - 5).
0
Evaluate -82 - 0 - (55 - -6 - 60).
-83
(141 - 261 - 40) + 249
89
0 - (16 + 0) - (-2344 + 2430) - 2
-104
What is the value of -6 + (-2 - (8 - ((-10 + 4 - -1) + 8)))?
-13
Evaluate 34 + -46 + 2 + -1 + 66.
55
What is 5 + (1 - (22 + -9 + (8 - 7)))?
-8
Evaluate -8 - (10 + -69 + (7 - (-4 - (-4 + 2)))).
42
What is the value of 9 + (882 - 892) + -34 + 0?
-35
What is -421 + 365 + (6 - -4)?
-46
Calculate 21 + -20 + -13 - -52.
40
-2 - 17 - (-28 - (-10 + (-5 - 96)))
-102
Calculate (5 - -20) + -36 + 21 + 1 + 0 + -103.
-92
What is (4 + -6 - -1) + -8 - (26 + 32 + -76)?
9
Evaluate -21 - (-165 - -79) - 25.
40
What is the value of (45 - 151) + (-11 - -88)?
-29
Evaluate -4 + -62 + 51 + -6 + -8 + 6.
-23
What is 3 + 20 - (-13 - (-84 + 50))?
2
Calculate (2 + 3 - (1 + (-4 - (12 + -16)))) + 3.
7
Evaluate 3 + 0 + -26 - (51 - (-4 - -45)).
-33
Calculate -128 + 24 + 43 - 16.
-77
Evaluate 24 + 0 - 1 - (51 + -9 + 88).
-107
What is -75 + (190 - (-27 - -120))?
22
Calculate -97 - (-20 + 3) - 27.
-107
Calculate 36 - 1 - (-520 + 551 + -21 + -2).
27
150 + -223 - (8 - 40)
-41
-1 - 25 - ((202 - 61) + -168)
1
What is 33 + -2 - (-24 + (5 - -15)) - -8?
43
Evaluate 32 + (-9 - 24) + -28.
-29
Calculate (0 + -1 - 17 - (758 + -760)) + -29.
-45
What is the value of (-2 + 0 - (7 - 103 - -2)) + 65 + -71?
86
Evaluate -14116 + 14053 - (-1 - (0 + 0) - 3).
-59
What is (55 - 97) + 52 - (-9 - (0 + -2))?
17
What is the value of -2 + 80 + -11 + -22 + 12?
57
Evaluate -76 - -1 - (214 + -271).
-18
What is 957 + -913 + -3 + (2 - (-3 + -4))?
50
What is (10 + 137 + 0 - 15 - 7) + -9?
116
What is -73 + 16 + 68 + -3 + 0 + -38?
-30
Evaluate 7 - (9 - 25 - -22) - -29.
30
What is 54 - ((-37 - -27 - 18) + -1)?
83
-13 + (-1 - -1) - (-1335 + 1364)
-42
What is the value of 0 + -31 + 45 + 12?
26
What is the value of 0 + 1 + 4 + -431 + 417 + 48 + -2?
37
-146 - -92 - ((-1 - -1) + (-7 - (8 + -16)))
-55
What is (-22 - (-46 - (-23 + 5))) + -19?
-13
(-78 - 62) + -20 + 211
51
Calculate (-6 - 30) + 15 + 13 + -22.
-30
What is 7735 - 7566 - (-1 - -106)?
64
What is 57 - (0 + 23) - -3?
37
What is (-11 - (-22 + 10)) + -5 + (13 - (-10 - -7))?
12
Calculate (-4 - -1) + -3 + -3 + -6 + (-48 - -49).
-14
What is 15 + (4 - (9 - (0 + -2))) - -21?
29
What is 102 + 11 + -140 + -52?
-79
Calculate -10 - -1 - (240 + -229) - (1 + 100).
-121
What is the value of 19 + (3 - (-19 + 28)) + (0 - -20)?
33
Evaluate 91 - (6 + -12 + 57).
40
Evaluate 326 + -293 - (1 + (-5 - -3)) - 2.
32
What is -3 + -58 - (6 + 49 + -88)?
-28
What is -2 - 41 - (-13 + (-4 - (-2 + (-31 - -16))))?
-43
What is the value of 1 - (-10 - ((-6 - (-25 - -7 - -2)) + 31))?
52
Calculate -6 - 15 - (-17 + 12 + 3 + 15).
-34
Evaluate (-111 - (-118 - -54)) + -14.
-61
Evaluate 18 - (93 + -118) - (-9 - -1).
51
What is the value of (-90 - (-2 + 6)) + (26 - (-16 + 45))?
-97
-54 + (1 - -29 - (-19 - -68 - 37))
-36
Evaluate (24 - 15) + 0 - 62 - (-13 + 0).
-40
What is the value of -4 + 139 - (-1939 - -2103)?
-29
Evaluate 4 - (-34 + -75 + 69).
44
What is the value of -126 - -38 - (-98 + 62)?
-52
173 + -225 + (-2 - 3 - -3) + -9
-63
What is (7 - -31) + -13 + -9 + 8?
24
What is the value of 0 + 15 + -72 + 23 + 60?
26
-8 - ((19 - 32) + 19) - 12
-26
What is the value of -40 + 85 + 17 + -53?
9
What is the value of (15 - 212) + 208 + (2 - 2) + 62?
73
Calculate (2 - 2) + (90 - (-5 + 102)).
-7
What is (1 - -11) + -1 + 72 + (-106 - -38)?
15
Calculate 5 - (-11 - 19) - (0 + -4).
39
7 - (-6 - (-45 + 35)) - (0 - -34)
-31
5 + (-19 - 5) + 37 - 16 - -66
68
What is -27 + (33 - (-11 + -18)) - 73?
-38
What is (294 - 215 - 101) + (20 - 0)?
-2
What is -10 + (11 - -5 - 35) - 0?
-29
Evaluate -11 + 2688 + -2731 + -1 + 170.
115
Calculate 278 - (477 - 313) - (-1 - -5).
110
Calculate -59 + 91 - 47 - -81.
66
Evaluate (0 - 0 - 32 - (-40 - -32)) + -35 + 36.
-23
What is -22 + 35 - (-1 - -11 - (6 + -85))?
-76
Calculate 26 + -31 + (9 - 1) - (4 + 1).
-2
Calculate 171 - 283 - (-5 + -230).
123
Evaluate -57 + 59 + (-42 - 0).
-40
-18 + 1 + 1 - (-18902 + 18928)
-42
What is -39 + (-13 - (-88 + 43))?
-7
What is the value of (-128 + 125 - ((-9 - -5) + 22)) + -8?
-29
Calculate 0 + (-44 + -6 + -6 - (-7 - 3)).
-46
What is (27 - 7 - (-4 - -9)) + -18?
-3
What is 9 + (-5 - -23) - (45 - 35)?
17
Calculate -53 + -1 - (-10740 + 10753).
-67
Calculate (-23 + 44 - (7 + 28 + -3)) + (1 - 71).
-81
Calculate 12 - 37 - (-98 - -19).
54
Calculate 14 - (3 - (43 + -13)).
41
What is the value of (19 - (57 - 20) - (-13 + 4)) + -47?
-56
Evaluate 67 + -68 + (60 - 136).
-77
Calculate -2